-4*k = -3*t - 172. Let q be (-3 - 5)*(-22)/4. Let l = q + -29. What is the remainder when k is divided by l?
13
Let s = 143 + -93. What is the remainder when s is divided by 19?
12
Let s = 12 + -8. Let i be 46/1 - s/2. Suppose 3*v = 85 + i. Calculate the remainder when v is divided by 15.
13
Suppose 4*w + 13 = 69. Let m = w - 6. Calculate the remainder when 31 is divided by m.
7
Suppose 0 = -8*i + 346 + 110. Calculate the remainder when i is divided by 5.
2
Let a = -1 + 4. Let m = -7 - -11. Suppose -2*x = -m*k + 48, -20 = -a*k - 4*x + 27. What is the remainder when 23 is divided by k?
10
Suppose 0*m = m - 4. Suppose 0 = m*z, q + z + 2 - 1 = 0. Let n = q - -4. What is the remainder when 7 is divided by n?
1
Suppose 3*g - 2*g - 8 = 2*h, -2*h = 4*g - 22. Calculate the remainder when 22 is divided by g.
4
Let i(k) = -2*k**3 - 5*k**2 - k + 2. Let r = -3 + -1. Let q be i(r). Let w = 85 - q. Calculate the remainder when w is divided by 11.
9
What is the remainder when ((-12)/(-10))/((-2)/(-25)) is divided by 4?
3
Let f = 4 - -2. Suppose -f = -4*l + l. Suppose 0*j + 3 = -j, -j + 1 = 2*u. Calculate the remainder when l is divided by u.
0
Let r be (1 - 6/4)*6. Let v = r - -13. Suppose 2*c - v = 44. Calculate the remainder when c is divided by 14.
13
Let p(v) be the second derivative of -v**5/20 + 11*v**4/12 + 5*v**3/6 + 5*v**2/2 - 7*v. Calculate the remainder when p(11) is divided by 21.
18
Let d = 81 + -62. What is the remainder when d is divided by 10?
9
What is the remainder when 59 is divided by (150/(-40))/(2/(-16))?
29
Suppose 3*s - 4*v = 53, -30 - 61 = -5*s + 4*v. What is the remainder when s is divided by 10?
9
Let w(d) = -24*d - 57. Calculate the remainder when w(-4) is divided by 22.
17
Let y be (-2)/(51/26 - 2). Let q = -31 + y. Calculate the remainder when 80/(-6)*(-1 + -2) is divided by q.
19
Let g(s) = -8*s - 11. Suppose 0 = f - 0*f - 8. Let a = f - 16. What is the remainder when g(a) is divided by 18?
17
Suppose -q = -2*c - 20, 0 = -5*q - 4*c - c + 160. What is the remainder when 3/21 - (-377)/7 is divided by q?
26
Calculate the remainder when (-4)/(-3) - (-1236)/18 is divided by 18.
16
Suppose -y - 3*r + 4 = 1, 2*y = -3*r + 6. Suppose -8 = -3*x - 4*h, -2*x - 3*x = -y*h - 52. What is the remainder when 22 is divided by x?
6
Let x = 45 + -26. Calculate the remainder when x is divided by 17.
2
Let c(l) = l**3 + 7*l**2 + l + 5. Let p be c(-7). Let r(v) = -4*v + 1. What is the remainder when r(p) is divided by 5?
4
Let t be (-1087)/5 - 4/(-10). Let g = t + 316. Let z = g - 62. What is the remainder when z is divided by 13?
11
Let n(m) = -m**2 + 6*m - 1. What is the remainder when 26 is divided by n(4)?
5
Let p(b) = 4*b**2 - 11*b - 1. What is the remainder when p(7) is divided by 30?
28
Suppose -42 = -4*l + 78. Let v = l - 14. What is the remainder when 61 is divided by v?
13
Suppose -g - 7 = l, 4*g - 4 = -3*l - 31. What is the remainder when ((-24)/(-3))/(-2)*-1 is divided by g/4*(-12)/9?
0
Let m = 27 + -11. Calculate the remainder when 111 is divided by m.
15
Suppose -4*c + 9*c - 5*r = 35, c - 3*r - 11 = 0. Let s = -17 + 25. Calculate the remainder when s is divided by c.
3
Let v = -8 + 8. Suppose v*i + 5*r = 4*i - 92, r = -5*i + 86. Calculate the remainder when 0 + 1 - (-35 - -1) is divided by i.
17
Let p = -19 + -40. Let y = -41 - p. What is the remainder when y is divided by 10?
8
Let l(d) = 2*d**2 + 6. Let y(n) = 3*n**2 + 6. Let g(o) = 4*l(o) - 3*y(o). Calculate the remainder when 22 is divided by g(0).
4
Let b(n) = n**3 - 2*n**2 + 3*n - 2. Let m = 5 + 1. Suppose m = 5*t - 4*t. Calculate the remainder when t is divided by b(2).
2
Let l(t) = -t + 6. What is the remainder when 41 is divided by l(-5)?
8
Let r = -87 + 203. Suppose 84 = 4*q - q + 3*u, 5*q = u + r. Calculate the remainder when q is divided by 13.
11
Suppose -48 = -3*y + 6. Let g = -2 + y. Suppose 0*j + 4*j = g. Calculate the remainder when j is divided by 2.
0
Let s = -80 + 212. Let h = -87 + s. Calculate the remainder when h is divided by 12.
9
Suppose 6*b - 5 = 5*b. Suppose 0*j - 33 = -f - b*j, j + 9 = f. Calculate the remainder when 51 is divided by f.
12
Let o = 223 - 196. Calculate the remainder when 133 is divided by o.
25
Suppose 0 = j + 3*o - 15 + 2, j - 2*o - 18 = 0. What is the remainder when 47 is divided by j?
15
Let f be (-6)/12 + 21/(-2). Let j = f + 25. Let l = 73 - 33. What is the remainder when l is divided by j?
12
Let t(p) = 6*p**3 + 2*p**2 + 3*p - 3. Suppose 3*s + 3*r = 54, 2*s - 5*r - 56 = -3*r. Calculate the remainder when s is divided by t(1).
7
Suppose 4*d = q - 11, -4*q + 82 = 2*d + d. Let h = 3 + q. Calculate the remainder when h is divided by -1*(-3 - (-4 + 13)).
10
Let d = 334 - 331. What is the remainder when 8 + (0 - 4/2) is divided by d?
0
Suppose -4*v = -r + 56 + 21, -4 = -2*v. Calculate the remainder when r is divided by (3 + -2)/((-89)/(-22) - 4).
19
Let q = -44 + 73. What is the remainder when 115 is divided by q?
28
Let a(t) be the third derivative of t**4/12 + 7*t**3/6 + 9*t**2. Calculate the remainder when a(9) is divided by 9.
7
Let q be 10*4/((-8)/3). Let s = -10 - q. Suppose 25 + 30 = s*k. Calculate the remainder when 21 is divided by k.
10
Let k(a) = -a**2 - a + 14. Let g be (0*(4 - 5))/(-2). Calculate the remainder when k(g) is divided by 3.
2
What is the remainder when (1*(0 - 36))/(-2) is divided by 34/5 - (-2)/10?
4
Let w(p) = -5*p - 5. Let v(m) = 9*m**3 + m**2 - m - 1. Let o be v(-1). Calculate the remainder when w(o) is divided by 9.
8
Calculate the remainder when 28 is divided by ((-3)/(-6))/(1/10).
3
Suppose 2*n - 7*n = 4*s, 0 = -2*s + 3*n + 22. Suppose -4*w = -w. Suppose 4*a - a - 6 = w. What is the remainder when s is divided by a?
1
Let d(u) = 2*u - 1. Let v be d(2). Suppose v*t - 27 - 39 = 0. Calculate the remainder when t is divided by (-17)/(-2) + 2/(-4).
6
What is the remainder when 75 is divided by (-26)/(-1)*(-34)/(-68)?
10
Suppose 9*l + 245 = 14*l. Let i = 58 + -23. Let h = i - 18. What is the remainder when l is divided by h?
15
Suppose h + 4 = 2. Let v = 9 + h. Suppose -v - 21 = -2*o. What is the remainder when 40 is divided by o?
12
Let u(v) = -6*v - 10. Let k be u(-7). Suppose 3*r + 3*f - k = 184, -5*f = -10. Calculate the remainder when r is divided by (-2)/(-9) + 640/36.
16
Suppose -1 = -2*w - 3*d, w - 5*d = -d - 5. Let b(s) = -23*s. Let c = 13 - 5. What is the remainder when b(w) is divided by c?
7
Let u(v) = -v**3 + 9*v**2 + 11*v + 1. Let l = -3 + 13. Calculate the remainder when 31 is divided by u(l).
9
Suppose 58*q - 41*q - 306 = 0. Let v = 69 - 34. Calculate the remainder when v is divided by q.
17
Suppose -5*s = -5, z - 2*z - 5*s = -75. Calculate the remainder when z is divided by (-22 + (3 - 5))*-1.
22
Suppose -2*n + 4*g - 18 = 0, 2*n + 13 = -3*n + 2*g. Let d be -1 + 7 - (n + 0). Suppose w - d = -0*w. What is the remainder when 19 is divided by w?
5
Let m = -62 + 79. Let b(g) = 17*g**2 - g - 1. What is the remainder when b(2) is divided by m?
14
Suppose 5*k + 25 = 0, -k - k + 26 = 4*y. What is the remainder when 33 is divided by y?
6
Let q(a) = -a + 1. Let o(k) = -2*k + 1. Let m(b) = -3*o(b) + 2*q(b). Calculate the remainder when m(1) is divided by 2.
1
Suppose -g - 4 = 0, -g = 5*c - 4*g - 72. What is the remainder when 83 is divided by c?
11
Suppose 5*z - 4*l = z - 88, 0 = 3*z + 4*l + 31. Let q(g) = -g**3 - 28*g**2 + 27*g - 45. Calculate the remainder when ((-12)/2)/(2/z) is divided by q(-29).
12
Let p = 30 - 10. Let s(d) = 2*d**2 + d. Let i be s(4). Let l = 95 - i. Calculate the remainder when l is divided by p.
19
Let h(l) = -4*l - 10. Let u be h(-4). Calculate the remainder when u/(-4)*(-138)/9 is divided by (-1 - -1) + 8*1.
7
Let u = -9 + 25. Let b = 1 + u. Calculate the remainder when 65 is divided by b.
14
Suppose 2 = 3*a - 2*a. Let i = -59 + 63. What is the remainder when i is divided by a?
0
Suppose c + 2 = -0, 2*o = 2*c + 12. Suppose 0 = -o*r - g - 35 + 96, -4*r + 70 = -2*g. Let n(l) = -14*l + 4. Calculate the remainder when n(-3) is divided by r.
14
Let a(b) = 3*b**2 - b. Suppose 0*p - 1 = p. Let d be a(p). Suppose 4*n + 36 = d*l, -l + 28 = l - 4*n. What is the remainder when l is divided by 3?
1
Suppose -2*f = 25 - 87. Let j = -10 + f. Calculate the remainder when 83 is divided by j.
20
L